 what is 0 + 120101222011?
120101222011
In base 3, what is -10 - 12211121022?
-12211121102
In base 8, what is 3 - 1104?
-1101
In base 12, what is 24b5 - -51?
2546
In base 5, what is 4 - -20322221?
20322230
In base 5, what is 2 - 1030421?
-1030414
In base 2, what is -1010 + -1100000010?
-1100001100
In base 5, what is 3 + 2331321?
2331324
In base 5, what is -401343 + -424?
-402322
In base 12, what is 43423 - 11?
43412
In base 12, what is -649 + 105?
-544
In base 15, what is -122 + -3a?
-15c
In base 4, what is -2130031 + 1?
-2130030
In base 5, what is -113 + 103044?
102431
In base 8, what is -5 - -374716?
374711
In base 14, what is -a9 + -2db5?
-3080
In base 4, what is 2 + -331220122?
-331220120
In base 15, what is -2e194 + -8?
-2e19c
In base 14, what is 1039 + 6?
1041
In base 12, what is 3 - 67266?
-67263
In base 9, what is -318286 + 0?
-318286
In base 7, what is -46263 + 2?
-46261
In base 2, what is 11000 - -111101010101?
111101101101
In base 2, what is 1110111101 - 111?
1110110110
In base 8, what is -475466 - 2?
-475470
In base 12, what is -17060 - 3?
-17063
In base 13, what is -b0b7 - -2?
-b0b5
In base 3, what is -220010 + -102?
-220112
In base 9, what is -4734 - 1727?
-6562
In base 9, what is -188 - -16558?
16360
In base 13, what is -46925 + -5?
-4692a
In base 13, what is -6c99 + -13?
-6cac
In base 12, what is 3 - 563704?
-563701
In base 12, what is 291 - 82?
20b
In base 10, what is -1185008 + -5?
-1185013
In base 4, what is 203302313 + -1?
203302312
In base 16, what is -58d3 - -9?
-58ca
In base 8, what is 3 + -442026?
-442023
In base 4, what is 112 - -13210?
13322
In base 5, what is 20420 - -131?
21101
In base 12, what is 1a82 - 16?
1a68
In base 5, what is 1 - 2?
-1
In base 2, what is 11110 - 1100100110110?
-1100100011000
In base 2, what is -101 + -1100100101?
-1100101010
In base 9, what is 77754 + -2?
77752
In base 7, what is 5 + 54654?
54662
In base 13, what is -200c2 - 4?
-200c6
In base 7, what is -324354 + -4?
-324361
In base 6, what is -14310 + -3?
-14313
In base 9, what is -71 + 303?
222
In base 8, what is 22142 + 561?
22723
In base 8, what is 333 - -111?
444
In base 4, what is -30212 + 2?
-30210
In base 8, what is 107 - 247?
-140
In base 10, what is 0 - 73566?
-73566
In base 3, what is 12211011121 + -1?
12211011120
In base 9, what is 5140 - -7?
5147
In base 8, what is 116 - 2635?
-2517
In base 8, what is -1234 - -465?
-547
In base 15, what is -5647 + 5?
-5642
In base 4, what is 21223230 + 223?
21230113
In base 8, what is 2665 + 35?
2722
In base 2, what is 10101010 - 10000001010?
-1101100000
In base 14, what is -290 + 71?
-21d
In base 11, what is 3 - 45644?
-45641
In base 16, what is 4c09 + b?
4c14
In base 5, what is -1 - -2013430?
2013424
In base 11, what is 71950 - 1?
7194a
In base 14, what is -a962 + 2?
-a960
In base 15, what is 244 - 7?
23c
In base 15, what is 7b - -3621?
369c
In base 6, what is 54 + 125341?
125435
In base 8, what is -410 + -1527?
-2137
In base 4, what is 221311113 - -1?
221311120
In base 12, what is -117b8 - 1?
-117b9
In base 2, what is -1011100 + -1101110001000000?
-1101110010011100
In base 16, what is -5d - -1d?
-40
In base 3, what is 11100 - -121111?
202211
In base 2, what is 100000101010110 + 10?
100000101011000
In base 13, what is 456709 - -4?
456710
In base 2, what is 1 - -11010101110011101?
11010101110011110
In base 15, what is -5 + 39b1?
39ab
In base 5, what is 142320114 - 0?
142320114
In base 3, what is -12221112 - 21211?
-20020100
In base 8, what is -3161 + -1751?
-5132
In base 8, what is -2 - 420067?
-420071
In base 10, what is -170 - 2070?
-2240
In base 4, what is -10 - -300100?
300030
In base 12, what is -5 - 167a2b?
-167a34
In base 8, what is -731 + 20?
-711
In base 13, what is -22 - 23221?
-23243
In base 4, what is -3302 + 322?
-2320
In base 10, what is -459 + -13?
-472
In base 16, what is 24b - -162?
3ad
In base 5, what is 40320 + 1?
40321
In base 6, what is -3505453 - -2?
-3505451
In base 13, what is 1 - 26526?
-26525
In base 12, what is -86509 - 3?
-86510
In base 3, what is -112102011001 + 0?
-112102011001
In base 7, what is -241563 - -6?
-241554
In base 6, what is -105053 - 1?
-105054
In base 7, what is 4 + 1054162?
1054166
In base 15, what is -de9cb - 3?
-de9ce
In base 7, what is 16 + -4635424?
-4635405
In base 15, what is 5 - 7e6e?
-7e69
In base 7, what is 124200 - 3?
124164
In base 10, what is -1809 - -2509?
700
In base 12, what is b - -17015?
17024
In base 7, what is -1063 + -12321?
-13414
In base 5, what is -3001 - 334?
-3340
In base 5, what is -10223 + -2234?
-13012
In base 7, what is -4536350 + 5?
-4536342
In base 13, what is -7b37 + 8?
-7b2c
In base 16, what is 8 + 2327?
232f
In base 7, what is 0 - -364236?
364236
In base 5, what is 0 + -1032043?
-1032043
In base 9, what is 0 + 135357?
135357
In base 16, what is -1b623b + -5?
-1b6240
In base 9, what is -1066 + 644?
-322
In base 2, what is 111010011 - 111000?
110011011
In base 16, what is -13b800 + -4?
-13b804
In base 11, what is 4309 - 1a?
429a
In base 2, what is 11110010 + -110100001?
-10101111
In base 7, what is 22 - 2225?
-2203
In base 9, what is -22 - 3115?
-3137
In base 13, what is 8c44 - 30?
8c14
In base 13, what is -12 - 47cc?
-4811
In base 10, what is 13 + -14335?
-14322
In base 5, what is -1012123 + 4?
-1012114
In base 13, what is -2 - 37c7?
-37c9
In base 9, what is 2 + 171737?
171740
In base 4, what is 113203 - 130?
113013
In base 16, what is -3b5a0 - -2?
-3b59e
In base 2, what is 11100000110010 - 0?
11100000110010
In base 11, what is -51348 - 1?
-51349
In base 9, what is -45 - 174651?
-174706
In base 4, what is -233 + -21131?
-22030
In base 6, what is -2 + 1035355?
1035353
In base 8, what is -30 - 13720?
-13750
In base 10, what is 15 + -10078?
-10063
In base 8, what is 70512 - 15?
70475
In base 8, what is 5 - -150663?
150670
In base 4, what is -10 + 3212003200?
3212003130
In base 7, what is -2 + -22642560?
-22642562
In base 16, what is 126 - -274?
39a
In base 15, what is -1 - -23827b?
23827a
In base 6, what is 1 - -1202015?
1202020
In base 12, what is -1985 - -61?
-1924
In base 11, what is -34 - 9075?
-90a9
In base 11, what is -6202a - 2?
-62031
In base 13, what is -4b4 - -28?
-489
In base 6, what is 2 - -305554?
310000
In base 5, what is 3300122110 - 4?
3300122101
In base 12, what is -235 - 2a95?
-310a
In base 11, what is 3 - 470735?
-470732
In base 10, what is 5 + 56611?
56616
In base 7, what is 3306 + 25?
3334
In base 3, what is -11002021211 - 0?
-11002021211
In base 6, what is 10425 - 100?
10325
In base 16, what is -637dd9 - 4?
-637ddd
In base 4, what is -1131013 + -10?
-1131023
In base 2, what is 10010100101100111011001 - 0?
10010100101100111011001
In base 5, what is 10 - -43404122?
43404132
In base 16, what is -50 + -1b1d?
-1b6d
In base 2, what is 10111011111110 + -100001?
10111011011101
In base 13, what is 486 - -3028?
34b1
In base 15, what is 7489 + -2?
7487
In base 3, what is 11 + -12021010002?
-12021002221
In base 15, what is 38 - 9c?
-64
In base 2, what is -110010011 + 1110101?
-100011110
In base 9, what is -5357 - -4?
-5353
In base 10, what is -4968 - 113?
-5081
In base 13, what is -78b3 - -3?
-78b0
In base 12, what is 8a6 + 353?
1039
In base 4, what is 11031 - 1102?
3323
In base 4, what is 1 - -10301310?
10301311
In base 5, what is 0 + 4042?
4042
In base 16, what is -2 - 23c6f?
-23c71
In base 5, what is -11 + -430403?
-430414
In base 13, what is 268c5 + -3c?
26886
In base 9, what is 2 + 424662?
424664
In base 11, what is 176 - 728?
-562
In base 10, what is 219 + -4599?
-4380
In base 2, what is -10100000100000010000 - -100?
-10100000100000001100
In base 15, what is 485 - -d?
493
In base 7, what is -2644 + -1?
-2645
In base 3, what is -1002201022 + 1?
-1002201021
In base 13, what is 50013b + 5?
500143
In base 13, what is 27 - 4ba2?
-4b78
In base 4, what is 11 + -1111003001?
-1111002330
In base 5, what is 1300003 + 2?
1300010
In base 5, what is 443 - -23413?
24411
In base 2, what is 101011100001 - 11001101111?
10001110010
In base 5, what is 33104 + 210?
33314
In base 5, what is 11041 - 444?
10042
In base 5, what is -10 + 2102112?
2102102
In base 15, what is -373cb - -4?
-373c7
In base 4, what is -13203223 - -11?
-13203212
In base 2, what is -1000011000 + 100100001?
-11110111
In base 5, what is 12304 + 3220?
210